thousands digit of 737333543?
3
What is the hundred thousands digit of 133772178?
7
What is the tens digit of 27431161?
6
What is the thousands digit of 69520766?
0
What is the millions digit of 16214091?
6
What is the hundred thousands digit of 18592979?
5
What is the hundred thousands digit of 147471298?
4
What is the tens digit of 199154449?
4
What is the ten millions digit of 784409287?
8
What is the millions digit of 4923222733?
3
What is the ten thousands digit of 757110652?
1
What is the ten thousands digit of 382636110?
3
What is the millions digit of 51716310?
1
What is the millions digit of 1525721207?
5
What is the ten thousands digit of 15841287?
4
What is the hundred thousands digit of 129354006?
3
What is the ten thousands digit of 31533294?
3
What is the hundreds digit of 33504984?
9
What is the tens digit of 1751327064?
6
What is the hundred thousands digit of 260812755?
8
What is the hundred millions digit of 127358148?
1
What is the ten millions digit of 34799554?
3
What is the units digit of 120782226?
6
What is the units digit of 2724037?
7
What is the units digit of 54704428?
8
What is the ten thousands digit of 7021280651?
8
What is the millions digit of 1939958196?
9
What is the millions digit of 3693013129?
3
What is the ten thousands digit of 658291776?
9
What is the ten thousands digit of 1206976579?
7
What is the units digit of 135877774?
4
What is the hundred millions digit of 409548253?
4
What is the units digit of 43156723?
3
What is the ten thousands digit of 5608392610?
9
What is the hundred millions digit of 1559747352?
5
What is the hundreds digit of 1668314934?
9
What is the thousands digit of 876709395?
9
What is the thousands digit of 2582339985?
9
What is the hundreds digit of 4322605086?
0
What is the thousands digit of 1453516529?
6
What is the ten thousands digit of 75923724?
2
What is the ten thousands digit of 5701287?
0
What is the hundreds digit of 277745265?
2
What is the units digit of 1459976296?
6
What is the hundred thousands digit of 59682834?
6
What is the hundred millions digit of 420894820?
4
What is the millions digit of 61507304?
1
What is the ten thousands digit of 185155288?
5
What is the tens digit of 99790405?
0
What is the millions digit of 6707133516?
7
What is the units digit of 625781578?
8
What is the hundred thousands digit of 315006672?
0
What is the hundred millions digit of 106683667?
1
What is the thousands digit of 1978535430?
5
What is the hundred thousands digit of 6819258211?
2
What is the tens digit of 250816277?
7
What is the ten millions digit of 471923295?
7
What is the ten thousands digit of 1576696462?
9
What is the hundred thousands digit of 120970689?
9
What is the millions digit of 3170740717?
0
What is the thousands digit of 4818219?
8
What is the ten thousands digit of 385167593?
6
What is the ten millions digit of 181035847?
8
What is the units digit of 3211621076?
6
What is the ten millions digit of 159733957?
5
What is the thousands digit of 30064651?
4
What is the thousands digit of 1185465829?
5
What is the hundred millions digit of 2355564448?
3
What is the units digit of 26096302?
2
What is the hundreds digit of 229218237?
2
What is the thousands digit of 543927546?
7
What is the hundred thousands digit of 2005184524?
1
What is the ten thousands digit of 112682817?
8
What is the millions digit of 492177797?
2
What is the millions digit of 36397750?
6
What is the thousands digit of 55894998?
4
What is the ten thousands digit of 63199322?
9
What is the hundreds digit of 38202149?
1
What is the millions digit of 320512349?
0
What is the hundred millions digit of 847434064?
8
What is the ten thousands digit of 10142728?
4
What is the thousands digit of 3023076691?
6
What is the ten thousands digit of 1298993345?
9
What is the millions digit of 9396065085?
6
What is the hundreds digit of 7893901?
9
What is the units digit of 967585242?
2
What is the hundreds digit of 82645854?
8
What is the ten thousands digit of 294182288?
8
What is the tens digit of 158041784?
8
What is the hundreds digit of 227558826?
8
What is the millions digit of 154201359?
4
What is the tens digit of 361143506?
0
What is the hundreds digit of 16373923?
9
What is the hundred thousands digit of 1224105?
2
What is the ten thousands digit of 27848998?
4
What is the ten thousands digit of 126497202?
9
What is the ten thousands digit of 38670071?
7
What is the ten millions digit of 176808737?
7
What is the ten millions digit of 1862089115?
6
What is the millions digit of 4898113487?
8
What is the hundred thousands digit of 238362001?
3
What is the millions digit of 108456825?
8
What is the ten millions digit of 24025925?
2
What is the tens digit of 3363784230?
3
What is the ten thousands digit of 44566552?
6
What is the units digit of 1154158451?
1
What is the millions digit of 199225180?
9
What is the millions digit of 1121633218?
1
What is the hundred millions digit of 255025459?
2
What is the hundred thousands digit of 139424818?
4
What is the millions digit of 729072259?
9
What is the hundred thousands digit of 2893268513?
2
What is the ten thousands digit of 70765137?
6
What is the units digit of 70032113?
3
What is the units digit of 42741804?
4
What is the ten thousands digit of 3290302583?
0
What is the thousands digit of 1436485187?
5
What is the ten thousands digit of 956556716?
5
What is the millions digit of 42185414?
2
What is the hundred thousands digit of 16707597?
7
What is the hundred thousands digit of 3752152?
7
What is the ten millions digit of 102152180?
0
What is the hundreds digit of 1112227395?
3
What is the thousands digit of 131819379?
9
What is the units digit of 6454231?
1
What is the hundred thousands digit of 1537318819?
3
What is the hundred millions digit of 339854498?
3
What is the tens digit of 9582685?
8
What is the hundreds digit of 466231357?
3
What is the units digit of 2610230797?
7
What is the units digit of 262068160?
0
What is the thousands digit of 1667437235?
7
What is the ten thousands digit of 8280100?
8
What is the ten millions digit of 894639435?
9
What is the hundreds digit of 1646881586?
5
What is the tens digit of 827413070?
7
What is the hundred millions digit of 250098796?
2
What is the thousands digit of 1301038662?
8
What is the thousands digit of 159633053?
3
What is the tens digit of 45168748?
4
What is the hundred thousands digit of 251781659?
7
What is the ten millions digit of 465170316?
6
What is the thousands digit of 3242731?
2
What is the hundreds digit of 1692003828?
8
What is the hundreds digit of 232815446?
4
What is the tens digit of 33954058?
5
What is the thousands digit of 843409755?
9
What is the ten thousands digit of 777540296?
4
What is the tens digit of 303880915?
1
What is the units digit of 229183929?
9
What is the hundreds digit of 100492984?
9
What is the units digit of 58218355?
5
What is the millions digit of 1959342539?
9
What is the tens digit of 41028633?
3
What is the hundred thousands digit of 6876683972?
6
What is the units digit of 1762058697?
7
What is the hundreds digit of 107252623?
6
What is the thousands digit of 7458854546?
4
What is the millions digit of 981064579?
1
What is the tens digit of 662099123?
2
What is the units digit of 356619752?
2
What is the thousands digit of 366162202?
2
What is the tens digit of 122159017?
1
What is the hundred thousands digit of 282127316?
1
What is the ten millions digit of 13343810?
1
What is the hundreds digit of 48883146?
1
What is the hundreds digit of 41195716?
7
What is the millions digit of 461283318?
1
What is the thousands digit of 455162980?
2
What is the ten millions digit of 39360446?
3
What is the thousands digit of 47400647?
0
What is the hundred thousands digit of 63852402?
8
What is the thousands digit of 250870653?
0
What is the millions digit of 760969509?
0
What is the ten thousands digit of 23583906?
8
What is the tens digit of 11825656?
5
What is the ten millions digit of 2795182005?
9
What is the thousands digit of 9313318?
3
What is the hundred thousands digit of 1320902258?
9
What is the ten thousands digit of 209203333?
0
What is the hundreds digit of 25735383?
3
What is the hundred thousands digit of 218234214?
2
What is the hund